 multiple of 87?
True
Is 499435 a multiple of 43?
False
Is 4495109 a multiple of 772?
False
Is 44 a factor of 92664?
True
Does 173 divide 29290976?
True
Does 110 divide 427862?
False
Is 11 a factor of 2920138?
False
Is 790867 a multiple of 58?
False
Is 66 a factor of 60588?
True
Is 6891484 a multiple of 106?
True
Does 3 divide 7392?
True
Is 286151 a multiple of 90?
False
Is 8 a factor of 143732?
False
Is 12677698 a multiple of 113?
False
Is 58 a factor of 299048?
True
Is 8771820 a multiple of 43?
False
Is 5700755 a multiple of 11?
False
Is 307 a factor of 6104081?
True
Is 797165 a multiple of 41?
False
Is 8 a factor of 222814?
False
Does 68 divide 34801?
False
Is 21029986 a multiple of 74?
True
Is 2 a factor of 8343?
False
Does 54 divide 73602?
True
Is 22 a factor of 1068980?
True
Does 76 divide 6472938?
False
Does 106 divide 277402?
True
Is 7486478 a multiple of 162?
False
Is 30 a factor of 65190?
True
Does 12 divide 376011?
False
Does 29 divide 393762?
True
Does 8 divide 111682?
False
Is 16 a factor of 1206419?
False
Is 12 a factor of 9071263?
False
Does 100 divide 1040700?
True
Is 14 a factor of 7972524?
True
Is 86 a factor of 1312982?
False
Does 204 divide 8874733?
False
Is 392639 a multiple of 10?
False
Is 1167 a factor of 5668554?
False
Is 321805 a multiple of 86?
False
Is 166435 a multiple of 517?
False
Is 35805 a multiple of 21?
True
Is 98 a factor of 48902?
True
Does 12 divide 474060?
True
Is 962125 a multiple of 125?
True
Is 1984996 a multiple of 767?
True
Does 379 divide 41690?
True
Is 170367 a multiple of 2?
False
Is 95 a factor of 849395?
True
Is 6 a factor of 100944?
True
Is 1474877 a multiple of 238?
False
Does 588 divide 600801?
False
Does 6 divide 53394?
True
Is 147 a factor of 1771919?
False
Does 3 divide 60118?
False
Is 500112 a multiple of 302?
True
Is 1069818 a multiple of 222?
True
Is 24 a factor of 4293552?
True
Is 2901491 a multiple of 156?
False
Is 268489 a multiple of 27?
False
Does 38 divide 2931282?
True
Is 59 a factor of 539968?
True
Is 113312 a multiple of 65?
False
Is 144 a factor of 85968?
True
Does 12 divide 321444?
True
Does 21 divide 310651?
False
Does 38 divide 256709?
False
Is 30 a factor of 197492?
False
Is 6677544 a multiple of 46?
True
Is 5 a factor of 120359?
False
Does 31 divide 104014?
False
Is 130 a factor of 371406?
False
Is 58 a factor of 1034489?
False
Does 99 divide 182573?
False
Is 109 a factor of 5081035?
True
Is 879251 a multiple of 5?
False
Is 430492 a multiple of 4?
True
Does 285 divide 4572540?
True
Does 225 divide 2749482?
False
Is 4026638 a multiple of 847?
True
Is 103 a factor of 128956?
True
Is 9 a factor of 3868722?
True
Is 20 a factor of 284557?
False
Does 31 divide 3081989?
True
Is 152272 a multiple of 710?
False
Is 2 a factor of 25434?
True
Does 5 divide 10410?
True
Does 44 divide 466405?
False
Is 114240 a multiple of 12?
True
Does 37 divide 536907?
True
Is 107 a factor of 6244230?
False
Is 73 a factor of 177244?
True
Does 6 divide 22738?
False
Is 171392 a multiple of 103?
True
Is 1320405 a multiple of 339?
True
Does 6 divide 392700?
True
Does 153 divide 275770?
False
Is 228 a factor of 993275?
False
Does 191 divide 109825?
True
Is 43 a factor of 31726?
False
Does 57 divide 171877?
False
Is 36 a factor of 2528604?
True
Is 6 a factor of 278508?
True
Is 3129475 a multiple of 56?
False
Does 477 divide 3242880?
False
Is 33 a factor of 20129?
False
Does 87 divide 931335?
True
Is 35 a factor of 88525?
False
Is 1186615 a multiple of 365?
True
Is 3382182 a multiple of 32?
False
Is 6309 a multiple of 4?
False
Is 8 a factor of 2500088?
True
Is 255164 a multiple of 14?
True
Does 6 divide 41209?
False
Does 71 divide 2297560?
True
Does 4 divide 125653?
False
Is 35 a factor of 237262?
False
Does 8 divide 259248?
True
Is 70860 a multiple of 20?
True
Is 30 a factor of 192366?
False
Does 26 divide 1901822?
True
Does 697 divide 96389?
False
Does 27 divide 1608444?
True
Does 18 divide 187218?
True
Is 5289768 a multiple of 287?
False
Does 14 divide 330302?
True
Is 199 a factor of 82585?
True
Is 8131 a multiple of 2?
False
Is 138051 a multiple of 15?
False
Is 10 a factor of 397810?
True
Does 30 divide 1235144?
False
Does 44 divide 1322118?
False
Is 34 a factor of 198594?
True
Does 60 divide 65100?
True
Is 16556902 a multiple of 1542?
False
Is 135 a factor of 390825?
True
Does 96 divide 16483912?
False
Does 522 divide 1338930?
True
Does 32 divide 502208?
True
Does 982 divide 1109660?
True
Is 188 a factor of 167696?
True
Does 125 divide 1300034?
False
Does 140 divide 3630620?
True
Is 77911 a multiple of 51?
False
Is 841392 a multiple of 24?
True
Is 11 a factor of 13893?
True
Is 41 a factor of 13143292?
False
Is 408210 a multiple of 11?
True
Is 117 a factor of 147103?
False
Is 198160 a multiple of 80?
True
Does 9 divide 10276254?
True
Does 495 divide 445449?
False
Does 49 divide 6422881?
False
Does 22 divide 105752?
False
Is 223605 a multiple of 15?
True
Is 7406265 a multiple of 119?
False
Is 60 a factor of 21075?
False
Is 1191 a factor of 1761044?
False
Is 388 a factor of 1151196?
True
Is 2334024 a multiple of 308?
True
Does 166 divide 469591?
False
Is 141636 a multiple of 44?
True
Is 183 a factor of 78177?
False
Is 10203239 a multiple of 2099?
True
Does 59 divide 194436?
False
Is 336544 a multiple of 416?
True
Does 635 divide 2991485?
True
Is 163 a factor of 3196414?
False
Is 235728 a multiple of 72?
True
Does 2 divide 27261?
False
Is 2344104 a multiple of 63?
True
Is 346 a factor of 2136939?
False
Is 1048919 a multiple of 100?
False
Is 260840 a multiple of 11?
False
Is 1382275 a multiple of 5?
True
Does 6 divide 86558?
False
Is 177870 a multiple of 22?
True
Is 946 a factor of 6174453?
False
Is 14216530 a multiple of 113?
True
Is 25 a factor of 936826?
False
Does 55 divide 11110?
True
Is 15 a factor of 6299085?
True
Does 148 divide 62308?
True
Is 13 a factor of 166049?
True
Is 160736 a multiple of 16?
True
Is 3770390 a multiple of 17?
False
Is 22 a factor of 7028011?
False
Is 569557 a multiple of 17?
False
Is 67 a factor of 4664602?
False
Does 40 divide 38920?
True
Is 61 a factor of 2546561?
False
Is 4632794 a multiple of 1087?
True
Is 980038 a multiple of 167?
False
Is 6738515 a multiple of 5?
True
Does 11 divide 6220182?
False
Does 15 divide 1265160?
True
Is 178 a factor of 252943?
False
Does 273 divide 16937648?
False
Does 37 divide 589151?
True
Does 56 divide 303520?
True
Is 143178 a multiple of 487?
True
Is 12 a factor of 294036?
True
Does 361 divide 255588?
True
Is 23 a factor of 7153184?
True
Does 29 divide 316883?
True
Does 123 divide 86894?
False
Is 67149 even?
False
Is 7557924 a multiple of 682?
True
Does 60 divide 6856080?
True
Does 257 divide 3125376?
False
Does 15 divide 3990?
True
Does 109 divide 988303?
True
Is 100737 a multiple of 39?
True
Does 76 divide 455924?
True
Does 18 divide 208566?
True
Is 6 a factor of 67038?
True
Is 245648 a multiple of 13?
True
Is 6540160 a multiple of 160?
True
Does 23 divide 474357?
False
Is 79376 a multiple of 22?
True
Is 38 a factor of 711082?
False
Is 495180 a multiple of 126?
True
Does 184 divide 11047?
False
Is 1316635 a multiple of 43?
False
Is 19966 a multiple of 134?
True
Does 18 divide 143322?
False
Is 1114465 a multiple of 47?
False
Is 7646115 a multiple of 461?
False
Is 860214 a multiple of 6?
True
Does 505 divide 4729325?
True
Is 589 a factor of 2428447?
True
Does 48 divide 1474176?
True
Is 9399 a multiple of 3?
True
Is 932672 a multiple of 608?
True
Does 291 divide 11275668?
True
Does 9 divide 389084?
False
Is 81441 a multiple of 37?
False
Is 1982757 a multiple of 474?
False
Does 566 divide 6625596?
True
Does 27 divide 694845?
True
Is 436583 a multiple of 92?
False
Does 55 divide 296942?
False
Is 303274 a multiple of 188?
False
Is 99 a factor of 249048?
False
Does 5 divide 20710?
True
Does 96 divide 2526757?
False
Does 21 divide 1821455?
False
Is 3 a factor of 3771?
True
Is 537 a factor of 268750?
False
Is 23088 a multiple of 8?
True
Does 288 divide 525934?
False
Is 166296 a multiple of 41?
True
Is 21 a factor of 1575399?
True
Does 27 divide 492515?
False
Does 25 divide 1422250?
True
Is 165 a factor of 67987?
False
Is 79876 a multiple of 124?
False
Does 26 divide 969436?
True
Is 116223 a multiple of 57?
True
Does 563 divide 757798?
True
Does